13). Let x = -75 + a. What is the greatest common factor of x and 15?
15
Suppose 5*c = 4*m + 144, 4*c = 5*m + 176 - 68. Let j = 293 - 277. What is the greatest common factor of c and j?
16
Suppose 4*w = 32 + 164. Let f = 23 - 20. Let u = 10 - f. What is the greatest common divisor of w and u?
7
Let p(j) = 10*j**2 + j + 1. Let n be p(-2). Suppose 2*g - 29 = n. Let x be (-68)/6*(-18)/4. What is the highest common factor of g and x?
17
Let a = -26 - -257. What is the highest common factor of a and 99?
33
Let t be (1 - 1) + 1 + 14. Suppose -39*z + 5 = -38*z. Calculate the highest common factor of z and t.
5
Let h be (-248)/(-10) - (-720)/(-900). Calculate the greatest common divisor of 984 and h.
24
Let b = 17 - 13. Suppose -b*d - d + 170 = 0. Calculate the greatest common divisor of d and 272.
34
Let c(a) = -a**3 + 2*a**2 - a + 5. Let o be c(2). Suppose -o*x - 2*m + 50 = 0, -3*x = -5*x - 5*m + 15. What is the highest common factor of x and 8?
4
Suppose 5*z - 918 = 3*o, 4*o - 2 = -6. Calculate the greatest common divisor of z and 122.
61
Suppose 32*j - 280 = 872. What is the greatest common factor of j and 96?
12
Suppose -19*z = -17 - 21. Let a(t) = t**3 - 5*t + 2. Let h be a(3). What is the greatest common divisor of h and z?
2
Let o = -1518 + 1661. What is the greatest common factor of o and 117?
13
Let s = 40 - 48. Let l be (-82)/s*(2 + 10) + 2. What is the greatest common divisor of l and 50?
25
Let v = -14 - -18. Suppose v*i - 120 = -0*i. What is the highest common divisor of 270 and i?
30
Suppose 2*f - 13 - 8 = -5*u, -f = 5*u - 18. Let s be (6/(-5))/((-21)/35). What is the highest common factor of s and u?
1
Suppose 0 = -3*t + 4*i + 87, -2*t + 4*t + 3*i - 41 = 0. Suppose -t*h = -30*h + 450. Calculate the highest common factor of h and 18.
18
Suppose 3*t - 38 = 160. Suppose k + 108 = 9*k + 10*k. What is the greatest common factor of k and t?
6
Let n = -11 - -88. Let m = n - 65. What is the greatest common factor of 48 and m?
12
Let c be 21982/22 + 4/(-22). Let m be 6/(-14) - c/21. Let i be (3/(-3))/(2/m). What is the highest common factor of i and 16?
8
Suppose 4*j + t + 27 = 0, -3*j + 3*t - 7 = -4*j. Let g(a) = -a**3 - 8*a**2 - a + 1. Let u be g(j). Calculate the highest common divisor of 9 and u.
9
Suppose 5*n + 577 + 325 = 4*o, 0 = -2*o - 5*n + 466. Calculate the greatest common divisor of o and 12.
12
Suppose -3*u + 4*u = 19. Let j = u + 4. What is the greatest common factor of j and 161?
23
Let a be 23/(-7) - -3 - 126516/(-91). What is the greatest common factor of 10 and a?
10
Suppose -7*j + 90 = -j. Calculate the greatest common factor of 3 and j.
3
Suppose 2*h + h = 2*s - 10, 0 = -4*s + 4*h + 20. Suppose 12 = -4*d, -82 = -5*i + s*d + 28. Calculate the greatest common divisor of i and 133.
19
Let p be 39/(-65) + (-13)/(-5). Suppose 5*i - 26 = -2*o, -2*i + p*o = 8 - 24. Suppose i*x = x + 100. What is the greatest common factor of 20 and x?
20
Suppose -3*q = -3*s + s - 1, 3*q - 21 = -3*s. Calculate the greatest common divisor of 38 and s.
2
Let y = 14 - -19. Let f(d) = -d**3 + 6*d**2 + 2*d + 1. Let v be f(6). Let q = y - v. What is the greatest common divisor of 10 and q?
10
Let c be 2 - (240/28)/((-1)/21). Calculate the greatest common factor of 26 and c.
26
Suppose -4*i + 64 = -2*r, 5*r = 8*r. Calculate the highest common divisor of 4 and i.
4
Let r(w) = 455*w + 175. Let i be r(2). Calculate the greatest common divisor of i and 105.
35
Let w(v) = -154*v - 260. Let d be w(-2). Let h = -6 - -18. Calculate the greatest common divisor of d and h.
12
Let j be 218/22 - (-4)/44. Let m be (-1 + 4)*(-350)/(-15). Calculate the highest common factor of m and j.
10
Let q be 14/(-70) + 12392/10. Calculate the greatest common divisor of 21 and q.
21
Suppose 0 = 8*o - 3*o + 5*c - 8425, -20 = -4*c. Calculate the highest common divisor of 70 and o.
70
Let y(s) = s**2 - s - 1. Let i be y(-2). Suppose 4*w - 5*v - 111 = -1, 3*w + i*v = 100. Calculate the greatest common divisor of 40 and w.
10
Let m be 540/(-225)*(2 - (150 + 2)). Calculate the greatest common factor of m and 36.
36
Suppose 0 = 595*t - 600*t + 60. Calculate the highest common divisor of 576 and t.
12
Suppose -3*i + 431 = z - 3561, -5*i = 5*z - 6640. Suppose -i = -134*g + 130*g. Calculate the greatest common factor of 37 and g.
37
Let t be (-333)/(-6) + (-4)/(-72)*9. Calculate the highest common factor of 119 and t.
7
Let j(x) = -7*x + 176. Let p be j(20). What is the greatest common factor of p and 444?
12
Let a = -64 - -67. Suppose 0 = -2*d - 5*f + 160, a*d + d = 4*f + 320. Calculate the highest common divisor of 10 and d.
10
Let x(g) = 6*g**2 + 7*g - 16. Let j be x(3). Suppose 5*f + j = k, -k = -f + 1 - 48. Calculate the highest common factor of 11 and k.
11
Suppose 39*h - 3*p = 41*h, -5*p = -4*h + 22. What is the highest common divisor of 81 and h?
3
Let q = -34 + 48. Suppose 9*y = 3*y + 756. Calculate the greatest common factor of q and y.
14
Let a = -363 - -391. Calculate the highest common divisor of a and 70.
14
Let z be 1264/10 - 8/20. Let x be z/(-15) - (-6)/15. Let q be 1034/88 + (-2)/x. What is the highest common divisor of 48 and q?
12
Let g be 2/9 - ((-310)/(-9))/2. Suppose 25 = -2*v + 5*o + 7, -4*v - 5*o - 6 = 0. Let z = v - g. Calculate the highest common factor of z and 26.
13
Let p be 430/9 - (-2)/9. Suppose 32*g - 31*g = 116. Let v = g + -84. What is the greatest common factor of p and v?
16
Let h be (38/(-2))/(((-1)/3)/(23 - 22)). Let k(y) = 5*y**2 - 7*y + 5. Let t be k(4). Calculate the greatest common divisor of t and h.
57
Let g(b) = -41*b - 30. Let c be g(-1). What is the greatest common factor of c and 649?
11
Let g be 26/(-1 - (-33)/27). Suppose 0 = -3*y + 5*m + 39, -4*y + 7*m = 9*m - 52. Calculate the greatest common divisor of g and y.
13
Let p be (-40)/2*5*18/(-120). Calculate the highest common factor of p and 15.
15
Let g = -36 - -32. Let a be -51 - (g/1 - -3). Let z be -4 + a/(-2) + -2. Calculate the highest common factor of z and 19.
19
Let g = 811 + -155. Calculate the greatest common divisor of g and 16.
16
Suppose 74*p - 87*p + 624 = 0. What is the greatest common divisor of p and 156?
12
Let z = 23 - 5. Suppose k - 15 = -2*u, -3*u = -k - 17 + 2. What is the highest common divisor of u and z?
6
Let t be 60/(-2)*6/(-18). Let i(b) = t*b + 5*b - 3 + 16*b**2 + 24 + b**3. Let c be i(-14). Calculate the highest common factor of 29 and c.
29
Suppose 3*m + 9 = 0, -m - 2*m = -z + 14. Suppose -14*p + 12*p - 120 = 0. Let u be p/9*(-99)/12. Calculate the highest common factor of u and z.
5
Let m = 1025 + -1004. What is the greatest common factor of 35 and m?
7
Let s = 12 + 10. Let v = s - 15. Calculate the highest common divisor of v and 28.
7
Let n(x) = -6*x + 21. Let y be n(0). Calculate the greatest common factor of y and 84.
21
Let v(q) = -6*q + 30. Let d be v(15). Let p = d - -69. What is the greatest common divisor of 99 and p?
9
Let j(t) = -5*t**3 - 45*t**2 + 10. Let u be j(-9). Calculate the greatest common factor of 65 and u.
5
Suppose 0 = -2*q - 4*y + 108, -y = -4*q + 2*y + 161. What is the greatest common factor of q and 99?
11
Let y = -11 + 15. Suppose -3*j + 7 = -4*m, 0 = -10*m + 12*m + 2. What is the greatest common factor of j and y?
1
Suppose 5*q + 11 - 32 = -w, -5*w + q = -105. Suppose b = -0*b + 5. Let h be -2 - b*(0 + -1). What is the greatest common factor of w and h?
3
Let q(b) = b**2 + 5*b + 6. Let i be q(-5). Suppose 3*m - i*m = -315. Suppose -15*d = -11*d - 60. Calculate the highest common divisor of m and d.
15
Suppose 4*i = 1 + 3. Let h be 10 + -9 - (i + -17). Suppose 157 = 4*o - 115. Calculate the highest common divisor of h and o.
17
Suppose -28 = -4*y - 3*a, 7*a - 5*a = 3*y - 21. Calculate the greatest common divisor of y and 4.
1
Let x = 529 + -250. Calculate the greatest common factor of x and 18.
9
Suppose r + 5*a = -2, 4*r - a = r + 10. Suppose k - 6*k + r*f = -969, 3*k + 2*f - 570 = 0. What is the highest common factor of k and 24?
24
Suppose 0 = -68*z + 45*z + 4669. What is the greatest common factor of z and 14?
7
Let b(z) = 4*z**2 - 4 + 6*z - 2 + 6. Let d be b(-4). Let j be ((-25)/(-1))/(13/52). Calculate the highest common factor of d and j.
20
Suppose -82 = -5*x + 4*r + 50, -x + 5*r = -39. Calculate the greatest common fact